*f**2. Let w be u(26). What is the highest common divisor of w and 35?
5
Let m = -41 + 41. Suppose d + 2 = m, 6*h = 4*h + 2*d + 18. Suppose -h*z + 5*z = -20. What is the greatest common divisor of 25 and z?
5
Let s(q) = -75*q - 69. Let y be s(-2). Calculate the greatest common divisor of y and 12.
3
Let l = 17931 + -17271. What is the greatest common factor of l and 1230?
30
Suppose 3*y = -9*i + 64857, -16*i + 11*i - 5*y = -36015. Calculate the greatest common factor of 159 and i.
53
Let r = -44 - -37. Let f be r/((-7)/(-9)) + -1. Let a be f*1/((-3)/27). What is the highest common divisor of a and 36?
18
Let o(a) = a**2 - 8*a + 1. Let v be o(6). Let y = -6 - v. Suppose -160 - 365 = -y*t. What is the highest common factor of t and 21?
21
Let f(s) = 3*s**2 - 53*s - 34. Let r be f(19). What is the greatest common divisor of r and 406?
14
Suppose 810 = 2*i + i. Let x(b) = b**3 + 7*b**2 + 4*b + 17. Let m be x(-6). Suppose c + m = 56. What is the highest common factor of i and c?
27
Let i be (-5225)/(-11)*(15 - 14). What is the greatest common divisor of 285 and i?
95
Suppose 6*v - 7*v - 18 = 0. Let c = v - -21. Suppose -c*j + 19 = -11. What is the highest common divisor of 15 and j?
5
Let w be ((-12)/24)/((-3541)/(-506) + -4 - 3). Calculate the highest common factor of 368 and w.
23
Suppose -32*f + 17*f = -11*f. Suppose 6*y + 31 - 103 = f. Suppose -8*b = -y*b + 36. What is the greatest common divisor of 27 and b?
9
Suppose -5*n - 2*a - 17 = 0, -4*n - 4 - 5 = -3*a. Let y be n/(-1) + 44 + -37. Calculate the highest common divisor of 30 and y.
10
Suppose -2*n - 135 = -147. Calculate the greatest common factor of 2022 and n.
6
Let q = 109 - 102. Suppose -q*z - 667 = -1647. Suppose -5*k + 3*w = -0*w - z, 0 = -5*k - 5*w + 100. Calculate the highest common factor of 25 and k.
25
Let a be (-8)/(-6) + 14/126*393. Let b(o) = 28*o**3 + 3*o**2 + 4*o - 4. Let d be b(2). What is the greatest common divisor of d and a?
15
Suppose -291 = 787*x - 18392. Let h(p) = 12*p**3 - 2*p**2 - 4*p. Let w be h(3). Let o = w - 179. What is the greatest common factor of o and x?
23
Let u(a) = -a**3 - 14*a**2 - 29*a - 154. Let v be u(-14). Let h(z) = -8*z**3 + 2*z**2 - z - 2. Let k be h(-2). What is the greatest common factor of k and v?
36
Let u = -9574 - -9585. What is the greatest common divisor of u and 9119?
11
Let r(h) = h**3 + 5*h**2 - 11. Let o be r(-3). Let l(k) = -o*k + 7*k - 21*k + 2*k - 2. Let d be l(-6). Calculate the greatest common divisor of d and 7.
7
Suppose 5*o - 5*y = -2275, 4*o - 5*y + 467 = 3*o. Let i = 485 + o. What is the highest common factor of 55 and i?
11
Let b = -79 - -277. Let a(i) = 13*i + 30. Let p be a(6). Suppose -32*q + 38*q - p = 0. Calculate the highest common divisor of q and b.
18
Let z = 34 - -40. Suppose q - 4*m = z, 0 = -11*q + 8*q - 2*m + 152. Calculate the highest common factor of q and 6.
6
Let y(h) = -h**2 - 5*h + 39. Let p be y(-8). Let a be p/(-2)*28/(-14). What is the greatest common divisor of a and 180?
15
Suppose 33 = 2*s + s. Suppose -17*k + 19*k - 88 = 0. Calculate the greatest common factor of k and s.
11
Let f(l) = -3*l**2 + 4*l - 16. Let a be f(6). Let o = 224 + a. Calculate the greatest common divisor of o and 93.
31
Suppose -2*w - 701*q + 703*q = -100, -4*q = -5*w + 254. Calculate the greatest common factor of 34992 and w.
54
Suppose -12*s - 4425 = 3*s. Let m = -119 - s. What is the highest common divisor of m and 16?
16
Suppose -2*j + 4*u = 0, 6*j + 21 = 10*j - u. Calculate the highest common divisor of 486 and j.
6
Suppose 3*k + 74574 = 4*z, 2*z - 3*k - 36101 = 1177. What is the highest common divisor of z and 189?
63
Suppose 5*r - 4*r = 9*r - 4400. Calculate the highest common divisor of 450 and r.
50
Let b be (32 + 4)/(9/24). Let g be (-26)/(-39) + 32/6. Calculate the highest common divisor of b and g.
6
Let b(q) = -q**2 - 63*q - 821. Let x be b(-25). What is the greatest common divisor of 6 and x?
3
Let v = 5 - 2. Suppose -5*a - 5 = 0, 5*l - 5*a - 18 = -7*a. Let f be (-5)/1*l*(-30)/200. What is the highest common factor of v and f?
3
Let i be ((-6)/(-4))/((-116)/(-24) + -5). Let v = 12 + i. Let u(m) = 8*m - 21. Let b be u(9). Calculate the greatest common factor of v and b.
3
Suppose 48*n - 3*n = 65205. Calculate the greatest common factor of n and 644.
161
Suppose -23 - 9 = -2*n. Let u(k) = -10*k**3 - 5*k + 11*k**3 - 4*k**2 + 4 - 2 + 2*k. Let i be u(7). What is the highest common factor of i and n?
16
Let g be 4/2 - (-7 + 1). Let b(c) = -7 - c - 6 - 19 - 34 - 17*c. Let r be b(-5). What is the greatest common factor of g and r?
8
Let x(h) = -198*h**3 + 4*h**2 + 4*h + 1. Let s be x(-1). Let l = 221 - s. Calculate the greatest common divisor of l and 198.
22
Let h be 131/5 - 3/(3 - -12). Suppose -9*x + 12*x - 48 = 0. Let k be 632/x + 1/(-2). What is the greatest common divisor of k and h?
13
Let x(q) = 2*q**3 - 10*q**2 + 7*q + 17. Let i be x(5). Suppose -5*a + a + 52 = 0. Calculate the highest common factor of i and a.
13
Suppose 5*o = -2*k + 112, -3*o + 47 = 4*k - 9. Let h = 82 - 41. Let t = h + -5. Calculate the greatest common divisor of t and o.
12
Let u = 1321 + -1314. Calculate the greatest common divisor of u and 2149.
7
Let t = -58 - -68. Suppose 0 = 2*c - 4*v - 86, -8*c + t*c - 90 = 5*v. Suppose 43 - c = j. Calculate the highest common factor of j and 2.
2
Let j(v) = -2*v**3 - 23*v**2 - 3*v + 7. Let t be j(-6). Let g = 373 + t. Calculate the highest common divisor of 18 and g.
2
Let t = 30 + -23. Let r(p) = p**2 - 259*p - 520. Let h be r(-2). What is the greatest common factor of t and h?
1
Let q(s) = 224*s + 4036. Let b be q(-18). Let f(j) = -2*j**3 - 9*j**2 + 10*j - 3. Let y be f(-7). Calculate the highest common divisor of y and b.
4
Let o(u) be the second derivative of 0 + 2*u + 1/2*u**2 - 1/6*u**3. Let v be o(-4). What is the greatest common factor of 40 and v?
5
Let t be 1/(-2) + ((-150)/(-4))/15. Suppose -g - 61 = -t*m + m, -g + 71 = m. What is the greatest common factor of m and 726?
66
Suppose 2*g - 102 + 8 = 2*j, -2*j + 114 = 2*g. Suppose 5 = -h + 6. Let y be 512/g - h/(13/(-2)). Calculate the highest common divisor of 2 and y.
2
Let y = -291 + 411. Suppose 0 = 957*j - 1758 - 2398 + 1285. Calculate the greatest common factor of y and j.
3
Let q = -74 + 71. Let w be q*(5 - (-70)/(-6)). Let b be 0 + (-3)/(3/(-5)). Calculate the greatest common divisor of b and w.
5
Let q(k) = -5*k + 1. Let m(y) = y**3 + 2*y**2 - 9*y + 23. Let s be m(-5). Let f be q(s). What is the highest common divisor of f and 162?
18
Let g = -489 + 699. Let y(d) = -d**2 - 150*d - 570. Let t be y(-146). What is the highest common factor of t and g?
14
Let h = 24 + -13. Suppose -2*k = -0*k - 28 + 8, 5*k = 5*z - 665. Calculate the greatest common divisor of z and h.
11
Let g(l) = -2*l**3 - 3*l**2 + 5*l + 7. Let j(s) = -4*s - 43. Let y be j(-10). Let t be g(y). What is the highest common divisor of t and 19?
19
Suppose 286*i - 423841 = 534809 + 326634. Calculate the greatest common divisor of 42 and i.
42
Suppose 29*l - 32530 = 29177 - 4026. Calculate the greatest common factor of l and 85.
17
Let q(t) = 3*t**2 + 62*t - 584. Let b be q(-38). Calculate the highest common factor of b and 64.
16
Let p(k) = k**2 + 15*k + 26. Let a be p(-13). Suppose -65*l + 58*l + 7 = a. Suppose 3*d = -2*d + 15. Calculate the greatest common factor of l and d.
1
Let b(d) = -20*d. Let v be b(0). Suppose -86 = g - 81, -4*n - 3*g + 49 = v. Calculate the highest common divisor of 152 and n.
8
Let f = 4 + 0. Let g be ((-36)/(-27))/(f/(-6)). Let j be 114 - 4 - 4 - g. Calculate the highest common factor of 72 and j.
36
Suppose k - 8 = -0*k. Suppose 0 = -51*z + 594 + 171. Suppose k = -z*q + 16*q. Calculate the greatest common divisor of q and 24.
8
Let a = 34 + -35. Let n be (-4)/14 - 23/(-7). Let u be n*(152/12 + a). What is the greatest common divisor of u and 14?
7
Suppose 2*s = 5*s - 42. Suppose 5*p + 248 = -26*p. Let x be (3 - 6)*2 - p. Calculate the greatest common divisor of s and x.
2
Let n = -8 + 13. Let t(g) = g**2 - 5*g - 14. Let s be t(12). Suppose w + 15 = s. What is the highest common factor of n and w?
5
Let j(w) be the third derivative of w**6/120 + 7*w**5/60 + w**4/3 + 7*w**3/3 - 42*w**2. Let z be j(-6). What is the greatest common divisor of 